6*y - 75 = -155. What is the remainder when y is divided by 4?
1
Suppose 3*b - 6 = 9. Let n(p) = -p + 11. Suppose 3*f - 24 = 9. What is the remainder when f is divided by n(b)?
5
Suppose 2*h - 5*y + 3 = 0, -3*h - 3 = -3*y - 21. Suppose -18 = -k - h. Suppose 5 = l - 12. What is the remainder when l is divided by k?
3
Suppose -2*d - 47 = -5*b + 9, -b - 4*d = 2. What is the remainder when 4*(95/b + -3) is divided by 7?
5
Let m(u) = -6*u**3 - 10*u**2 - u + 11. What is the remainder when m(-4) is divided by 27?
23
Let c(g) = -g**3 - 3*g**2 + 3*g - 2. Let m be c(-4). Let a(h) = 7 - m*h + 5*h + 6*h + 3. Calculate the remainder when a(9) is divided by 31.
29
Let o(r) = r**2 - 11*r + 17. Let l be o(10). What is the remainder when (-28)/l*(1 - 5)/1 is divided by 4?
0
Suppose 0 = 3*a - 0*a + 5*w - 202, 34 = a - 5*w. What is the remainder when a is divided by 46?
13
Suppose 0*m - 32 = 4*m. Let z = m - -38. What is the remainder when 2/(-6) - (-268)/3 is divided by z?
29
Suppose 2*d = -0*d + 5*u + 25, -13 = -5*d - 4*u. Let m = 19 - d. Let q = m - 13. Calculate the remainder when 2 is divided by q.
0
Let r = 105 - 76. Calculate the remainder when r is divided by 19.
10
Let b = -818 - -896. What is the remainder when 239 is divided by b?
5
Let q(h) = h**2 + h - 41. What is the remainder when q(9) is divided by 13?
10
Let o = 57 - 29. Suppose -6*d + 12 = -3*d, 4*a + 5*d - 116 = 0. What is the remainder when a is divided by (-70)/o*26*(-2)/10?
11
Suppose a = -2*k + 143, 17*a = 12*a + 5. What is the remainder when 346 is divided by k?
62
Suppose -2240 = -92*g + 22*g. What is the remainder when 226 is divided by g?
2
Calculate the remainder when 168 is divided by (-57)/21*2*21/(-6).
16
Let z = -145 + 160. Calculate the remainder when 1*((62 - 2) + -2) is divided by z.
13
Calculate the remainder when 38 is divided by -2*6/(-28) + 134/14.
8
Let q(z) = 3*z - 9. Let y be q(4). Suppose f + 4*b = -4*f + 65, 3*f + y*b - 39 = 0. What is the remainder when 19 is divided by f?
6
Suppose -23 = -3*h + 25. Let c(d) = -143*d - 80. Calculate the remainder when c(-1) is divided by h.
15
Let u = -65 - -107. What is the remainder when 838 is divided by u?
40
Suppose -185*q = -195*q + 160. What is the remainder when 415 is divided by q?
15
Suppose 0 = -7*p + 4*p + 129. Let i = 125 - p. Calculate the remainder when i is divided by 43.
39
Let j = -16 + 18. Suppose 3*m - 635 = -j*m. Let p = -48 + 80. Calculate the remainder when m is divided by p.
31
Calculate the remainder when (-2 + 1 - -12)/((-29)/(-261)) is divided by 25.
24
Suppose b - 6*b - 37 = 2*z, -2*z + 3*b = 45. Let u = -2 + 6. What is the remainder when -3*6/27*z is divided by u?
2
Suppose 12*a - 9*a = -15. Let s = a + 22. Calculate the remainder when 33 is divided by s.
16
Let y = 24 + -7. Let t be (2 + 0)/(163/(-55) - -3). Let d = 138 - t. Calculate the remainder when d is divided by y.
15
Suppose 72 + 34 = m. Let s = -39 + m. Calculate the remainder when s is divided by 0 + (2 - 12/(-1)).
11
Suppose 120*w + 108 = 123*w - 2*g, 0 = -g + 3. Calculate the remainder when 795 is divided by w.
35
Let z(i) = -56*i + 652. Calculate the remainder when 218 is divided by z(11).
2
Suppose 3*z = 4*z - 9. Let i = -8 + z. What is the remainder when 4 is divided by i?
0
Suppose -2*q + 351 = 321. Calculate the remainder when 73 is divided by q.
13
Suppose -q - q - 3*v = -39, -3*v = 3. What is the remainder when 73 is divided by q?
10
Suppose -55*h = 4*k - 53*h - 280, 5*k - 3*h = 361. Calculate the remainder when 566 is divided by k.
69
Calculate the remainder when 21 is divided by (-44)/(-20)*((4 - -1) + 0).
10
Suppose 95 = 5*a + 3*l, -3*l + 17 = a - 14. Calculate the remainder when 236 is divided by a.
12
Let b = 3 + 60. Calculate the remainder when b is divided by 4/10 + (-2160)/(-100).
19
Let i = -156 - -174. What is the remainder when 84 is divided by i?
12
Let y = -176 - -229. Calculate the remainder when 156 is divided by y.
50
Let m = 302 - 283. Calculate the remainder when 150 is divided by m.
17
Let m = -480 + 500. What is the remainder when 59 is divided by m?
19
What is the remainder when 42 is divided by 96/30*(-50)/(-4)?
2
Suppose 0 = -f - t - 2 - 2, 3*t - 4 = 5*f. Let k(j) = -j**3 - 4*j - 6. What is the remainder when 38 is divided by k(f)?
8
Let c(f) = 7*f**2 + 2*f - 3. Calculate the remainder when c(-3) is divided by 16.
6
Suppose -4*v - 10 = -182. What is the remainder when v is divided by (-1 - 2) + 2 - -16?
13
Suppose 18*l + 253 = 1837. What is the remainder when l is divided by 13?
10
Let f(y) = -8*y - 49. Let r = -108 - -199. What is the remainder when r is divided by f(-9)?
22
Suppose 0 = -3*n + 1 + 23. Suppose 0 = 3*k - 2*g - g - 36, 4*g = -20. What is the remainder when n is divided by k?
1
Suppose -3 = 6*o - 3*o. What is the remainder when 13 - ((-2)/(-1 - -3))/o is divided by 5?
2
Let x be 51/(-2) - (-5)/10. Let b = x + 42. What is the remainder when b is divided by 5?
2
Let l(x) = -x**3 + 5*x**2 + 6. Let p be l(5). Let j = p + -1. Let y(w) = -w**3 + 10*w**2 - 21*w + 4. Calculate the remainder when j is divided by y(3).
1
Let f(v) be the first derivative of v**4/4 - 4*v**3 - 7*v**2/2 - 5*v - 7. What is the remainder when f(13) is divided by 15?
13
What is the remainder when 70 is divided by (-2)/(5/(-9 - -4)) + 16?
16
Let o(j) = 2 + j + 3 + 2 - 6. What is the remainder when 23 is divided by o(5)?
5
Suppose -3*q = 4*g - 2257, -201 = -g - q + 362. What is the remainder when g is divided by 38?
36
Suppose -3*y - 9 = 18. Let z(q) = -4*q + 5. Let r be z(y). Calculate the remainder when 163 is divided by (-2 + 2 - r)*-1.
40
Suppose -2*f + 5*f = 171. What is the remainder when f is divided by 10 + (-5 - (-6 + -5 + 4))?
9
What is the remainder when 191 is divided by ((-72)/45)/((-3 - -7)/(-20))?
7
Let g = -163 + 171. What is the remainder when 167 is divided by g?
7
Let g(h) = h**3 - h**2 + 3*h + 2. Suppose -3*i + 0*i - 3*q - 51 = 0, 0 = 2*i - 3*q + 24. Let u = 19 + i. What is the remainder when g(u) is divided by 21?
20
Suppose -3*r - 5*f = -27, 15*r - 10*r - f - 45 = 0. What is the remainder when 135 is divided by r?
0
Let y(l) = l**2 + 8*l + 17. Let g be y(-12). Let k = 73 - g. Calculate the remainder when k is divided by 5.
3
Let y be 8/(-24) - ((-200)/(-6))/(-1). Let l = 51 - y. What is the remainder when 71 is divided by l?
17
Suppose 6 = -3*i - 5*r, 5*r + 14 = 2*i - 7. Suppose -3*f = -4*j - 31, 2*j = -f - i*j - 15. What is the remainder when 39 is divided by f?
4
Suppose 8*y - 396 = -14*y. Calculate the remainder when 69 is divided by y.
15
Suppose 5 = -5*u + 3*t + 2, 3*u - 4*t + 4 = 0. Suppose 5*s + 27 - 142 = u. Suppose -2*r + r + 89 = 0. Calculate the remainder when r is divided by s.
20
Suppose 8*y = 14*y - 1884. Suppose 5*u - 159 - 341 = 5*j, 3*u + 4*j = y. What is the remainder when u is divided by 15?
12
Suppose -4*h = 42 - 114. What is the remainder when ((-18)/4)/(4/(-24)) is divided by (-10)/45 + 184/h?
7
Suppose 17 + 247 = 3*l. Suppose -87*w = -l*w + 196. What is the remainder when w is divided by 33?
31
Let l(f) = f**3 - 15*f**2 + 7. Let c be l(15). Let d(w) = -w + 10. Let m be d(c). What is the remainder when ((-82)/m)/((-8)/12) is divided by 22?
19
Suppose 5*g - 8*t + 3*t = 35, -4*g + 21 = 3*t. Suppose 21*w = 19*w + g. What is the remainder when 29 is divided by w?
2
Let w = 15 + 15. Calculate the remainder when 9/(-15) - 1*(-5292)/45 is divided by w.
27
Suppose -4194 = -16*k - 370. Calculate the remainder when k is divided by 84.
71
Let t = -493 - -550. What is the remainder when 277 is divided by t?
49
Let r(c) = 5*c**2 - c - 3. Let f(z) = z**3 + z**2 - z + 9. What is the remainder when r(2) is divided by f(0)?
6
Suppose 7*a + 30 = 142. Calculate the remainder when 39 is divided by a.
7
Suppose 0*m - 2 = -2*m + 3*q, -5 = -5*m + q. Calculate the remainder when 6 is divided by m.
0
Suppose -67 - 6 = -3*b - 4*k, -b + 2*k + 11 = 0. Calculate the remainder when 91 is divided by b.
15
Suppose -a + 0*a + 42 = 5*x, 0 = -5*a + 5*x + 60. Suppose 0 = -5*q - 3*u + 8, -5*q - 2*u + 12 = -0*q. Calculate the remainder when a is divided by q.
1
Suppose -5*a = -y + 29, a + 41 = -5*y + 108. What is the remainder when 164 is divided by y?
10
Let k(m) = m**3 - 11*m**2 - 4*m - 17. Let z(d) = d**3 + d**2 - d - 234